uppose 0 = -5*t + 49 + g. What is the tens digit of t?
7
Let h = -437 + 457. What is the units digit of (8 - 864/h)*-15?
8
Let x(h) = 71*h**3 + 10*h**2 - 22*h + 195. What is the thousands digit of x(6)?
5
Let n = -6168 + 36821. What is the hundreds digit of n?
6
Let z be 12/8*(-196)/6. Let m be (-95)/(-76) - z/(-4). What is the units digit of m/(-22) + 53/2?
7
Suppose o + 2*j = -5, -o - 3*j = o + 12. Let s be ((-9)/(-6))/(o/(-12)). Suppose -5*h = -4*f - 290, -s*f = -f. What is the units digit of h?
8
Let g be 28/6 - 2/3. Let l(a) = -9*a + 6*a + g - a. What is the tens digit of l(-15)?
6
What is the units digit of -2940*((-68)/(-51))/(4/(-16))?
0
Let c(y) = 5*y - 6. Let r be c(2). Suppose -r = -2*v, -4*v - 4 = -4*x - 2*v. Suppose 5*h - 2*d - 235 = 0, -3*d = x*h - 7*h + 235. What is the tens digit of h?
4
Suppose 38*n = 33*n + 280. What is the tens digit of n/((-123)/(-24) - 5)?
4
Suppose 0 = 2581*i - 2561*i - 650960. What is the hundreds digit of i?
5
Let y = 151 - 149. Suppose -3*j = 2*j - 310. Suppose -2*a + 6*a + j = y*r, r + a = 34. What is the tens digit of r?
3
Let x(r) = -6*r - 1175 + 4*r**2 - 4*r + 1193. What is the units digit of x(4)?
2
What is the tens digit of (88 - 97) + ((-65096)/(-4) - -2)?
6
Let j(x) = x**3 + 15*x**2 - 12*x + 51. Let l = -526 + 516. What is the hundreds digit of j(l)?
6
Let r(q) = -q**2 - 2. Let t(a) = -a**3 - 7*a**2 + 3*a - 10. Let l(g) = 7*r(g) - t(g). Let y = 2 + 1. What is the tens digit of l(y)?
1
Suppose -6*n = -9485 - 6025. What is the thousands digit of n?
2
Let h(g) = 2*g**3 + 32*g**2 - 30*g - 6. Let q be h(-17). Let f = q + 188. What is the units digit of f?
4
Let z = 15598 + -2412. What is the units digit of z?
6
Let o(g) = 5*g**3 - 21*g**2 + 28*g - 23. What is the tens digit of o(15)?
4
Let l = -3 + 5. Let u be (16/(-24))/((-16)/120). Suppose 330 = 4*a + c, l*a - u*a + 238 = -4*c. What is the tens digit of a?
8
Suppose 9*u + 17510 = 87179. What is the tens digit of u?
4
Suppose 2291*v = 2278*v + 59839. What is the units digit of v?
3
Suppose -3*f + 0*f = -432. Suppose 19*m + 132 = -2*y + 15*m, y = 5*m - 101. Let z = y + f. What is the tens digit of z?
6
Let s = 29 + -27. Let w be (3/((-45)/10))/(s/24). Let n(i) = -11*i - 27. What is the tens digit of n(w)?
6
What is the hundreds digit of (10 + (-5526)/27)/((-12)/126)?
0
Let m(v) = -29*v**2 + 255*v + 13. Let q be m(9). Let s(k) = -79*k**3 - k**2 + k. Let d be s(1). Let t = q - d. What is the units digit of t?
8
Suppose 5*l - 255113 = -4*f, -23*f + 21*f + 127539 = 5*l. What is the tens digit of f?
8
Let i(k) = k**3 + 9*k**2 + 6*k - 9. Let v be i(-8). Suppose 2*p = -w + 48, -v + 1 = -p - 5*w. What is the units digit of p?
6
Let p be (-2*(-46)/(-8) - -1)*2. Let x = -19 - p. What is the units digit of (7/4)/(x/8)?
7
Let o(y) = -y**3 - 9*y**2 - 5*y + 20560. What is the ten thousands digit of o(0)?
2
Let z be 2/6 + (-25)/75. Suppose -3*h = s - 2, -s = 2*h - z*h. Let i(c) = 9*c**2 + c - 5. What is the tens digit of i(h)?
3
Let r = 344 - 204. What is the tens digit of (3 - (-20)/(-4)) + r?
3
Suppose 5 = -4*g + y + 11, 4*y = 4*g. Suppose x - 324 = -4*n + 1093, -g*x - 1781 = -5*n. What is the units digit of n?
5
Let q = -18 + -2. Let x be (q/(-20))/((-2)/(-3) + -1). What is the units digit of (-2 - -1)/(x - 122/(-41))?
1
Let w(k) = 10*k + 67. Let s be w(-7). What is the hundreds digit of 276 - (12 - s)/(-3)?
2
Let i(k) = -k + 18. Let s be i(-11). Suppose -13 = 3*v + s. Let j = v - -169. What is the hundreds digit of j?
1
What is the tens digit of (-2031612)/(-42) + -1 - -6*2/42?
7
Suppose -270*x + 18010152 = -14*x + 113*x. What is the hundreds digit of x?
8
What is the units digit of (1 - -22246) + 51/(408/(-16))?
5
Let i be ((-4)/(-4))/(2/26). Let t = 34 - i. What is the tens digit of (14/t)/((-2)/(-249))?
8
Suppose 2*o - 46292 = -4*x, o - 71*x = -66*x + 23209. What is the tens digit of o?
6
Let t(h) = -217*h**3 - 3*h**2 - h + 1. Let j be (-3)/36*-4*(-1 + -2). What is the tens digit of t(j)?
1
Suppose 141844 = -747*p + 751*p. What is the units digit of p?
1
Suppose 6 = 5*w - 2*p + 2, -w = 4*p - 14. Suppose -w*u + 9 = 7, -5*k + 1459 = -u. What is the tens digit of k?
9
Suppose 17*t - 939 = 251. Suppose 21758 = -t*u + 92*u. What is the hundreds digit of u?
9
Let a = 10538 + 1579. What is the thousands digit of a?
2
Let u = -75 - -114. Suppose -6 + u = 3*n. Suppose 0 = -n*f + 1467 - 158. What is the tens digit of f?
1
Let w = 0 - -3. Suppose 2*s - 2*h = s - 11, 0 = w*h - 9. Let z(j) = -j - 2. What is the units digit of z(s)?
3
Suppose 136*q + 125*q + 151480 = 289*q. What is the hundreds digit of q?
4
Let j(v) = v**3 - 91*v**2 + 333*v - 53. What is the hundreds digit of j(88)?
0
Suppose -30*c + t - 4335 = -32*c, -4*c + 8665 = t. Suppose 114 = -2*l - 3*h + c, 2*h - 3089 = -3*l. What is the thousands digit of l?
1
Suppose 0 = -19*v + 20488 - 101. Let j = v + -717. What is the tens digit of j?
5
Let g be 3 - -1 - -2*(0 - -1159). Suppose -3*o + 1672 = -s, 3*o - g = -4*s - 670. What is the units digit of o?
6
Let j(r) = r**2 - 12*r - 21. Let f be j(-2). Let x(m) = -m**3 + 15*m**2 + 2*m - 8. What is the hundreds digit of x(f)?
3
Suppose x - 36820 = -3*v, 0 = 4*x + 5*v - 124177 - 23166. What is the tens digit of x?
4
Suppose -26 = -2*j + 12. Let d = j + -17. Suppose d*g + m = 42 + 55, -2*m + 100 = 2*g. What is the tens digit of g?
4
Let r(s) = -2005*s - 423. What is the hundreds digit of r(-4)?
5
Suppose -h + 21705 = s, -6*s + 101*h - 104*h + 130221 = 0. What is the ten thousands digit of s?
2
Suppose -426*j - 82811 = -5*l - 424*j, 3*l - 49685 = 2*j. What is the hundreds digit of l?
5
Suppose 5 + 1 = 2*f. Suppose 0 = -3*i + 5*a + 336, 0 = a + f. What is the units digit of i?
7
Let d(l) = 85*l**3 + 3*l**2 - 4*l + 2. Let y be d(1). Suppose 4*m - y = 3*c, 0 = -5*m + 2*m + 2*c + 64. What is the tens digit of m?
2
Let x = 119861 + -43376. What is the tens digit of x?
8
Suppose 5*r + 5 = 0, 5*r - 3*r = -2*x - 4. Suppose 0 = -3*h - 11 - 7. What is the units digit of (232/h)/x*(-12)/(-8)?
8
Let h = 48 + -240. Let w = 301 + h. What is the units digit of w?
9
Let g be (-6)/(-8)*-2*(0 - 2). Suppose -l + 2*v + 37 = -20, v = g. Let r = l + -2. What is the tens digit of r?
6
Let r(a) = 2*a**2 - 9*a + 14. Let s be r(4). Suppose 3*n - 5*n + s = 0. Suppose 4*w = 3*z + 46 - 379, 0 = n*z + 2*w - 555. What is the tens digit of z?
1
What is the units digit of (-1)/(-4)*-2 - (3101579/38)/(-13)?
8
Suppose -i = -3336 - 3984. What is the thousands digit of i?
7
Let u = 15945 - 7019. What is the thousands digit of u?
8
Let q = 108 + -98. Let d(t) = 55*t - 43. What is the units digit of d(q)?
7
What is the units digit of (-72695)/5*4*(-3)/12?
9
Let l = 423 - 202. Suppose -240 = -4*t + 4*j, -4*t + 5*j + l + 18 = 0. What is the units digit of t?
1
Suppose 16*o = 18*o - 16. Let t be 2/o + 1981/28. Let x = t - 29. What is the tens digit of x?
4
Let b(g) = -2*g**3 - 4*g**2 - g + 2. Let w be b(-2). Suppose -w*l - 3*a = a - 484, -3*a = l - 131. Suppose -34*p + 30*p = -l. What is the units digit of p?
9
Suppose -2*f + 7361 = 5*g, -36*f + 40*f - 3*g - 14709 = 0. What is the tens digit of f?
7
Let y = 682 - 671. What is the tens digit of (-10824)/(-198)*(-1 - y/(-2))?
4
Let x(m) = m**2 - 3*m - 71. Let o be x(22). Let a = -13 - -110. Suppose o + a = 5*c + 3*t, -4 = 2*t. What is the units digit of c?
0
Suppose -1524 = -5*q + 4*m, 5*q + 4*m - 75 = 1481. Suppose 4*n - q = -a, -4*n - a = -3*a - 308. Suppose 6*t - n = 505. What is the tens digit of t?
9
Suppose -h = 3*p + 3*h + 10, -3*h - 4 = 4*p. Suppose -4*f = -b - p*b + 48, -5*b = 0. What is the hundreds digit of f*(-5)/(-10)*82/(-4)?
1
Suppose 174 = -16*f + 22*f. Let y = f - 26. Suppose -25 = -a - y*r, -3*r = -3*a + 2*a + 31. What is the tens digit of a?
2
Let t(f) = f + 31. Let q be t(-21). Suppose q + 9 = b. Let k = b + -3. What is the units digit of k?
6
Let c be -664 + 7 + 1 + -1. Let x = c - -978. What is the hundreds digit of x?
3
What is the thousands digit of (2478/1)/1 + (-337 - -331)?
2
Let f(d) = -372*d**3 + 12*d**2 + 31*d - 9. What is the ten thousands digit of f(-3)?
1
Suppose -42*v - 29930 + 126901 = -1790089. What is the units digit of v?
0
Let i = -674 - -4689. What is the thousands digit of i?
4
Let a(v) = -21*v. Let d be 9/6*(1/1 + 3). 